{"id":426,"date":"2020-01-03T17:04:53","date_gmt":"2020-01-03T17:04:53","guid":{"rendered":"http:\/\/wolontariatbullerbyn.pl\/?page_id=426"},"modified":"2020-01-17T10:31:14","modified_gmt":"2020-01-17T10:31:14","slug":"co-mowia-wolontariusze","status":"publish","type":"page","link":"https:\/\/wolontariatbullerbyn.pl\/?page_id=426","title":{"rendered":"Co m\u00f3wi\u0105 wolontariusze?"},"content":{"rendered":"\n<div class=\"wp-block-columns\">\n<div class=\"wp-block-column\" style=\"flex-basis:33.33%\">\n<figure class=\"wp-block-image size-large\"><img loading=\"lazy\" width=\"1024\" height=\"576\" src=\"http:\/\/wolontariatbullerbyn.pl\/wp-content\/uploads\/2020\/01\/20190815_184219-1024x576.jpg\" alt=\"\" class=\"wp-image-455\" srcset=\"https:\/\/wolontariatbullerbyn.pl\/wp-content\/uploads\/2020\/01\/20190815_184219-1024x576.jpg 1024w, https:\/\/wolontariatbullerbyn.pl\/wp-content\/uploads\/2020\/01\/20190815_184219-300x169.jpg 300w, https:\/\/wolontariatbullerbyn.pl\/wp-content\/uploads\/2020\/01\/20190815_184219-768x432.jpg 768w, https:\/\/wolontariatbullerbyn.pl\/wp-content\/uploads\/2020\/01\/20190815_184219-1536x864.jpg 1536w, https:\/\/wolontariatbullerbyn.pl\/wp-content\/uploads\/2020\/01\/20190815_184219-2048x1152.jpg 2048w\" sizes=\"(max-width: 1024px) 100vw, 1024px\" \/><\/figure>\n<\/div>\n\n\n\n<div class=\"wp-block-column\" style=\"flex-basis:66.66%\">\n<blockquote class=\"wp-block-quote\"><p>W pracy wolontariusza podoba mi si\u0119 wszystko. Nie mam problemu ani z zmywaniem, ani z tym \u017ce siedzimy w nocy i pilnujemy dzieci. Najbardziej warto\u015bciowe w Wiosce Bullerbyn jest poznawanie ludzi o podobnym charakterze. W tym roku pozna\u0142am w\u0142a\u015bnie wiele os\u00f3b z pasj\u0105 dzi\u0119ki czemu poszerzy\u0142o si\u0119 moje grono dobrych znajomych.<\/p><\/blockquote>\n\n\n\n<blockquote class=\"wp-block-quote\"><p>Najbardziej podoba\u0142a mi si\u0119 integracja z wolontariuszkami, poniewa\u017c bardzo si\u0119 z\u017cyli\u015bmy ze sob\u0105 i nadal mamy kontakt. Najbardziej warto\u015bciowe by\u0142o dla mnie utwierdzenie si\u0119 w tym, \u017ce kiedy\u015b chc\u0119 zosta\u0107 opiekunem na r\u00f3\u017cnych koloniach<\/p><\/blockquote>\n<\/div>\n<\/div>\n\n\n\n<div class=\"wp-block-columns\">\n<div class=\"wp-block-column\" style=\"flex-basis:66.66%\">\n<blockquote class=\"wp-block-quote\"><p>Sprawowanie wart nocnych. Dawa\u0142o ono poczucie odpowiedzialno\u015bci za dzieci b\u0119d\u0105ce uczestnikami wioski. Odmalowywania domk\u00f3w mieszkalnych dla dzieci &#8211; \u015bwietna zabawa!<\/p><\/blockquote>\n\n\n\n<blockquote class=\"wp-block-quote\"><p>Podoba\u0142o mi si\u0119 \u017ce nauczy\u0142am si\u0119 nowych rzeczy np: zbudowa\u0142am wraz z ekip\u0105 p\u0142ot dla wolontariuszy dzi\u0119ki temu zdoby\u0142am nowe \u017cyciowe do\u015bwiadczenie, kt\u00f3re przyda mi si\u0119 w dalszym \u017cyciu ?<br><\/p><\/blockquote>\n\n\n\n<blockquote class=\"wp-block-quote\"><p>Uwielbiam to miejsce. M\u00f3wi si\u0119, \u017ce mo\u017cna wyjecha\u0107 z Bullerbyn ale Bullerbyn nigdy z ciebie nie wyjedzie \ud83d\ude42<\/p><\/blockquote>\n<\/div>\n\n\n\n<div class=\"wp-block-column\" style=\"flex-basis:33.33%\">\n<figure class=\"wp-block-image size-large\"><img loading=\"lazy\" width=\"1024\" height=\"683\" src=\"http:\/\/wolontariatbullerbyn.pl\/wp-content\/uploads\/2020\/01\/IMG_1277-popr-1024x683.jpg\" alt=\"\" class=\"wp-image-437\" srcset=\"https:\/\/wolontariatbullerbyn.pl\/wp-content\/uploads\/2020\/01\/IMG_1277-popr-1024x683.jpg 1024w, https:\/\/wolontariatbullerbyn.pl\/wp-content\/uploads\/2020\/01\/IMG_1277-popr-300x200.jpg 300w, https:\/\/wolontariatbullerbyn.pl\/wp-content\/uploads\/2020\/01\/IMG_1277-popr-768x512.jpg 768w, https:\/\/wolontariatbullerbyn.pl\/wp-content\/uploads\/2020\/01\/IMG_1277-popr-1536x1024.jpg 1536w, https:\/\/wolontariatbullerbyn.pl\/wp-content\/uploads\/2020\/01\/IMG_1277-popr.jpg 1942w\" sizes=\"(max-width: 1024px) 100vw, 1024px\" \/><\/figure>\n<\/div>\n<\/div>\n\n\n\n<div class=\"wp-block-columns\">\n<div class=\"wp-block-column\" style=\"flex-basis:33.33%\">\n<div class=\"wp-block-image\"><figure class=\"aligncenter size-medium is-resized\"><img loading=\"lazy\" src=\"http:\/\/wolontariatbullerbyn.pl\/wp-content\/uploads\/2020\/01\/IMG_0425-popraw-200x300.jpg\" alt=\"\" class=\"wp-image-442\" width=\"229\" height=\"343\" srcset=\"https:\/\/wolontariatbullerbyn.pl\/wp-content\/uploads\/2020\/01\/IMG_0425-popraw-200x300.jpg 200w, https:\/\/wolontariatbullerbyn.pl\/wp-content\/uploads\/2020\/01\/IMG_0425-popraw-683x1024.jpg 683w, https:\/\/wolontariatbullerbyn.pl\/wp-content\/uploads\/2020\/01\/IMG_0425-popraw-768x1152.jpg 768w, https:\/\/wolontariatbullerbyn.pl\/wp-content\/uploads\/2020\/01\/IMG_0425-popraw-1024x1536.jpg 1024w, https:\/\/wolontariatbullerbyn.pl\/wp-content\/uploads\/2020\/01\/IMG_0425-popraw-1365x2048.jpg 1365w, https:\/\/wolontariatbullerbyn.pl\/wp-content\/uploads\/2020\/01\/IMG_0425-popraw.jpg 1516w\" sizes=\"(max-width: 229px) 100vw, 229px\" \/><\/figure><\/div>\n<\/div>\n\n\n\n<div class=\"wp-block-column\" style=\"flex-basis:66.66%\">\n<blockquote class=\"wp-block-quote\"><p> W Wiosce Bullerbyn najbardziej podoba\u0142a mi si\u0119 atmosfera tego miejsca. Sk\u0142ada si\u0119 na ni\u0105 wiele &#8222;rzeczy&#8221;.  Ju\u017c kiedy przyjecha\u0142am tu na szkolenie, poczu\u0142am, \u017ce jest to miejsce zupe\u0142nie wyj\u0105tkowe. Czu\u0142am t\u0105 atmosfer\u0119 wzajemnej akceptacji, otwarto\u015bci na siebie nawzajem i ludzkiej przyja\u017ani. Jest to dla mnie mega wa\u017cne, ten szacunek wobec siebie nawzajem i dobre nastawienie, kt\u00f3re w Wiosce by\u0142o wyra\u017anie wyczuwalne.  <\/p><\/blockquote>\n\n\n\n<blockquote class=\"wp-block-quote\"><p>Najlepiej wspominam le\u017cenie na hamaku i organizacj\u0119 gry terenowej dla dzieciak\u00f3w.? Obowi\u0105zki, jak warty nocne (cho\u0107 czasem zamarzali\u015bmy) i zmywanie  r\u00f3wnie\u017c by\u0142y ciekawe. Ka\u017cda przygoda, obs\u0142uga parkingu, piosenka na &#8222;mam talent&#8221;, pomalowane w\u0142osy krepin\u0105, u\u015bmiech dziecka i \u015bwietliki zostan\u0105 na d\u0142ugo w mym serduszku.\u2764<\/p><\/blockquote>\n\n\n\n<blockquote class=\"wp-block-quote\"><p>Najlepsze wspomnienia mam jak zwykle z kuchni i wart nocnych, niekoniecznie by\u0142o super lekko i przyjemnie, ale sp\u0119dza\u0142o si\u0119 czas z innymi wolo i pracowa\u0142o razem. Warty i nocne gotowanie pozwoli\u0142y nam si\u0119 lepiej pozna\u0107 i sp\u0119dzi\u0107 razem czas rozmawiaj\u0105c lub graj\u0105c w gry. Wachty w kuchni za to wymaga\u0142y pracy zespo\u0142owej i dogadywania si\u0119 co do zmywania, znoszenia naczy\u0144, etc.<\/p><\/blockquote>\n<\/div>\n<\/div>\n","protected":false},"excerpt":{"rendered":"<p>W pracy wolontariusza podoba mi si\u0119 wszystko. Nie mam problemu ani z zmywaniem, ani z tym \u017ce siedzimy w nocy i pilnujemy dzieci. Najbardziej warto\u015bciowe w Wiosce Bullerbyn jest poznawanie ludzi o podobnym charakterze. W tym roku pozna\u0142am w\u0142a\u015bnie wiele os\u00f3b z pasj\u0105 dzi\u0119ki czemu poszerzy\u0142o si\u0119 moje grono dobrych znajomych. Najbardziej podoba\u0142a mi si\u0119 [&hellip;]<\/p>\n","protected":false},"author":1,"featured_media":0,"parent":0,"menu_order":0,"comment_status":"closed","ping_status":"closed","template":"","meta":{"spay_email":""},"_links":{"self":[{"href":"https:\/\/wolontariatbullerbyn.pl\/index.php?rest_route=\/wp\/v2\/pages\/426"}],"collection":[{"href":"https:\/\/wolontariatbullerbyn.pl\/index.php?rest_route=\/wp\/v2\/pages"}],"about":[{"href":"https:\/\/wolontariatbullerbyn.pl\/index.php?rest_route=\/wp\/v2\/types\/page"}],"author":[{"embeddable":true,"href":"https:\/\/wolontariatbullerbyn.pl\/index.php?rest_route=\/wp\/v2\/users\/1"}],"replies":[{"embeddable":true,"href":"https:\/\/wolontariatbullerbyn.pl\/index.php?rest_route=%2Fwp%2Fv2%2Fcomments&post=426"}],"version-history":[{"count":17,"href":"https:\/\/wolontariatbullerbyn.pl\/index.php?rest_route=\/wp\/v2\/pages\/426\/revisions"}],"predecessor-version":[{"id":509,"href":"https:\/\/wolontariatbullerbyn.pl\/index.php?rest_route=\/wp\/v2\/pages\/426\/revisions\/509"}],"wp:attachment":[{"href":"https:\/\/wolontariatbullerbyn.pl\/index.php?rest_route=%2Fwp%2Fv2%2Fmedia&parent=426"}],"curies":[{"name":"wp","href":"https:\/\/api.w.org\/{rel}","templated":true}]}}