{"id":297,"date":"2019-12-19T19:33:55","date_gmt":"2019-12-19T19:33:55","guid":{"rendered":"http:\/\/wolontariatbullerbyn.pl\/?page_id=297"},"modified":"2019-12-20T14:28:49","modified_gmt":"2019-12-20T14:28:49","slug":"dojazd","status":"publish","type":"page","link":"https:\/\/wolontariatbullerbyn.pl\/?page_id=297","title":{"rendered":"Dojazd"},"content":{"rendered":"\n<h3>Dojazd autobusem do Tarczyna<\/h3>\n\n\n\n<p>Z Dworca Zachodniego odje\u017cd\u017caj\u0105 autobusy w kierunku Gr\u00f3jca i zatrzymuj\u0105 si\u0119  w Tarczynie. Podr\u00f3\u017c trwa oko\u0142o 40 minut. W Tarczynie, najlepiej wysi\u0105\u015b\u0107 na przystanku przy ko\u015bciele. Dalej, do \u015awi\u0119tochowa, um\u00f3wione wcze\u015bniej osoby, przewieziemy samochodem. Na poni\u017cszej mapie zaznaczyli\u015bmy przystanek w Tarczynie.<\/p>\n\n\n\n<iframe src=\"https:\/\/www.google.com\/maps\/embed?pb=!1m18!1m12!1m3!1d2457.40415646652!2d20.831273515418644!3d51.98128688376476!2m3!1f0!2f0!3f0!3m2!1i1024!2i768!4f13.1!3m3!1m2!1s0x47193b9889b6c3d7%3A0x93dbff7d08a9ca10!2sWarszawska%203%2C%2005-555%20Tarczyn!5e0!3m2!1spl!2spl!4v1576784830768!5m2!1spl!2spl\" width=\"600\" height=\"450\" frameborder=\"0\" style=\"border:0;\" allowfullscreen=\"\"><\/iframe>\n\n\n\n<div style=\"height:30px\" aria-hidden=\"true\" class=\"wp-block-spacer\"><\/div>\n\n\n\n<h3> Dojazd samochodem do \u015awi\u0119tochowa<\/h3>\n\n\n\n<p> Samochodem najlepiej jest jecha\u0107 przez Tarczyn a nast\u0119pnie przez Jeziorzany.  Czasami gps sugeruje tras\u0119 przez Suchod\u00f3\u0142 &#8211; ale my tej opcji <strong>nie polecamy<\/strong> &#8211; droga wiedzie przez rzeczk\u0119 i jest to trasa tylko dla odwa\u017cnych \ud83d\ude42<\/p>\n\n\n\n<iframe src=\"https:\/\/www.google.com\/maps\/embed?pb=!1m14!1m8!1m3!1d9832.761233838592!2d20.7799155!3d51.9669552!3m2!1i1024!2i768!4f13.1!3m3!1m2!1s0x0%3A0x2d59af3c189eb2ae!2sWioska%20Bullerbyn!5e0!3m2!1spl!2spl!4v1576784978059!5m2!1spl!2spl\" width=\"600\" height=\"450\" frameborder=\"0\" style=\"border:0;\" allowfullscreen=\"\"><\/iframe>\n","protected":false},"excerpt":{"rendered":"<p>Dojazd autobusem do Tarczyna Z Dworca Zachodniego odje\u017cd\u017caj\u0105 autobusy w kierunku Gr\u00f3jca i zatrzymuj\u0105 si\u0119 w Tarczynie. Podr\u00f3\u017c trwa oko\u0142o 40 minut. W Tarczynie, najlepiej wysi\u0105\u015b\u0107 na przystanku przy ko\u015bciele. Dalej, do \u015awi\u0119tochowa, um\u00f3wione wcze\u015bniej osoby, przewieziemy samochodem. Na poni\u017cszej mapie zaznaczyli\u015bmy przystanek w Tarczynie. Dojazd samochodem do \u015awi\u0119tochowa Samochodem najlepiej jest jecha\u0107 przez Tarczyn [&hellip;]<\/p>\n","protected":false},"author":1,"featured_media":0,"parent":0,"menu_order":0,"comment_status":"closed","ping_status":"closed","template":"","meta":{"spay_email":""},"_links":{"self":[{"href":"https:\/\/wolontariatbullerbyn.pl\/index.php?rest_route=\/wp\/v2\/pages\/297"}],"collection":[{"href":"https:\/\/wolontariatbullerbyn.pl\/index.php?rest_route=\/wp\/v2\/pages"}],"about":[{"href":"https:\/\/wolontariatbullerbyn.pl\/index.php?rest_route=\/wp\/v2\/types\/page"}],"author":[{"embeddable":true,"href":"https:\/\/wolontariatbullerbyn.pl\/index.php?rest_route=\/wp\/v2\/users\/1"}],"replies":[{"embeddable":true,"href":"https:\/\/wolontariatbullerbyn.pl\/index.php?rest_route=%2Fwp%2Fv2%2Fcomments&post=297"}],"version-history":[{"count":5,"href":"https:\/\/wolontariatbullerbyn.pl\/index.php?rest_route=\/wp\/v2\/pages\/297\/revisions"}],"predecessor-version":[{"id":392,"href":"https:\/\/wolontariatbullerbyn.pl\/index.php?rest_route=\/wp\/v2\/pages\/297\/revisions\/392"}],"wp:attachment":[{"href":"https:\/\/wolontariatbullerbyn.pl\/index.php?rest_route=%2Fwp%2Fv2%2Fmedia&parent=297"}],"curies":[{"name":"wp","href":"https:\/\/api.w.org\/{rel}","templated":true}]}}