{"id":20,"date":"2019-12-13T14:38:12","date_gmt":"2019-12-13T14:38:12","guid":{"rendered":"http:\/\/wolontariatbullerbyn.pl\/?page_id=20"},"modified":"2025-10-28T09:36:51","modified_gmt":"2025-10-28T09:36:51","slug":"kontakt","status":"publish","type":"page","link":"https:\/\/wolontariatbullerbyn.pl\/?page_id=20","title":{"rendered":"Kontakt"},"content":{"rendered":"\n<div class=\"wp-block-columns\">\n<div class=\"wp-block-column\">\n<h3>Dane Fundacji<\/h3>\n\n\n\n<p>Fundacja Bullerbyn na rzecz wsp\u00f3lnoty dzieci i doros\u0142ych<br>ul. Nieziemska 1<br>05-506 Wilcza G\u00f3ra<br>NIP: 123 113 40 20<br><a rel=\"noreferrer noopener\" href=\"http:\/\/bullerbyn.org.pl\/\" target=\"_blank\">bullerbyn.org.pl<\/a> <\/p>\n<\/div>\n\n\n\n<div class=\"wp-block-column\">\n<h3>Koordynator  projektu<\/h3>\n\n\n\n<p>Monika Marchli\u0144ska<br>mail: wolontariat@bullerbyn.pl<\/p>\n<\/div>\n<\/div>\n\n\n\n<div style=\"height:30px\" aria-hidden=\"true\" class=\"wp-block-spacer\"><\/div>\n\n\n\n<div class=\"wp-block-columns\">\n<div class=\"wp-block-column\">\n<h3>Siedziba Fundacji w Warszawie<\/h3>\n\n\n\n<p class=\"has-background\" style=\"background-color:#effec7\">Fundacja Bullerbyn na rzecz wsp\u00f3lnoty dzieci i doros\u0142ych<br>ul. Mokotowska 33\/35<br>00-560 Warszawa<\/p>\n<\/div>\n\n\n\n<div class=\"wp-block-column\">\n<h3>Wioska Bullerbyn w \u015awi\u0119tochowie<\/h3>\n\n\n\n<p class=\"has-background\" style=\"background-color:#fafec8\">Fundacja Bullerbyn na rzecz wsp\u00f3lnoty dzieci i doros\u0142ych<br>ul. Warszawska 14<br>05-555 \u015awi\u0119toch\u00f3w<br><br><strong>Dojazd<\/strong>:<br><br>Zerknijcie uwa\u017cnie na map\u0119 dojazdu do \u015awi\u0119tochowa \u2013 nie jed\u017acie przez Suchod\u00f3\u0142, nawet gdy tak pokazuje gps, bo nie unikniecie przeprawy przez rzeczk\u0119.<\/p>\n\n\n\n<iframe src=\"https:\/\/www.google.com\/maps\/embed?pb=!1m18!1m12!1m3!1d2458.190309572352!2d20.777726815440055!3d51.96695517971324!2m3!1f0!2f0!3f0!3m2!1i1024!2i768!4f13.1!3m3!1m2!1s0x47193c07b2e8f7a1%3A0x2d59af3c189eb2ae!2sWioska%20Bullerbyn!5e0!3m2!1spl!2spl!4v1576652992093!5m2!1spl!2spl\" width=\"400\" height=\"300\" frameborder=\"0\" style=\"border:0;\" allowfullscreen=\"\"><\/iframe>\n<\/div>\n<\/div>\n","protected":false},"excerpt":{"rendered":"<p>Dane Fundacji Fundacja Bullerbyn na rzecz wsp\u00f3lnoty dzieci i doros\u0142ychul. Nieziemska 105-506 Wilcza G\u00f3raNIP: 123 113 40 20bullerbyn.org.pl Koordynator projektu Monika Marchli\u0144skamail: wolontariat@bullerbyn.pl Siedziba Fundacji w Warszawie Fundacja Bullerbyn na rzecz wsp\u00f3lnoty dzieci i doros\u0142ychul. Mokotowska 33\/3500-560 Warszawa Wioska Bullerbyn w \u015awi\u0119tochowie Fundacja Bullerbyn na rzecz wsp\u00f3lnoty dzieci i doros\u0142ychul. Warszawska 1405-555 \u015awi\u0119toch\u00f3w Dojazd: Zerknijcie [&hellip;]<\/p>\n","protected":false},"author":1,"featured_media":0,"parent":0,"menu_order":0,"comment_status":"closed","ping_status":"closed","template":"","meta":{"spay_email":""},"_links":{"self":[{"href":"https:\/\/wolontariatbullerbyn.pl\/index.php?rest_route=\/wp\/v2\/pages\/20"}],"collection":[{"href":"https:\/\/wolontariatbullerbyn.pl\/index.php?rest_route=\/wp\/v2\/pages"}],"about":[{"href":"https:\/\/wolontariatbullerbyn.pl\/index.php?rest_route=\/wp\/v2\/types\/page"}],"author":[{"embeddable":true,"href":"https:\/\/wolontariatbullerbyn.pl\/index.php?rest_route=\/wp\/v2\/users\/1"}],"replies":[{"embeddable":true,"href":"https:\/\/wolontariatbullerbyn.pl\/index.php?rest_route=%2Fwp%2Fv2%2Fcomments&post=20"}],"version-history":[{"count":29,"href":"https:\/\/wolontariatbullerbyn.pl\/index.php?rest_route=\/wp\/v2\/pages\/20\/revisions"}],"predecessor-version":[{"id":759,"href":"https:\/\/wolontariatbullerbyn.pl\/index.php?rest_route=\/wp\/v2\/pages\/20\/revisions\/759"}],"wp:attachment":[{"href":"https:\/\/wolontariatbullerbyn.pl\/index.php?rest_route=%2Fwp%2Fv2%2Fmedia&parent=20"}],"curies":[{"name":"wp","href":"https:\/\/api.w.org\/{rel}","templated":true}]}}